e z(-1).
-6
Let h(m) = -m**3 + 8*m**2 - 3*m + 24. Determine h(9).
-84
Let s(b) = -b**3 - 14*b**2 - 11*b + 14. Give s(-13).
-12
Let c(p) = -6*p - 1. What is c(-1)?
5
Let l(z) = z**2 + 26*z + 26. Calculate l(-25).
1
Let v(q) = -q**2 + 7*q - 2. Calculate v(8).
-10
Let w(n) = n - 6. Give w(10).
4
Let h(i) = i**3 - 4*i**2 + 6*i - 4. What is h(4)?
20
Let t(c) = 4*c**2 + 4*c + 17. Give t(-5).
97
Let u(m) = -m**3 - 3*m**2 + 3*m + 3. Give u(-3).
-6
Let a(t) = t**3 - 4*t**2 - 7*t + 4. Give a(5).
-6
Let s(p) = 2*p**3 - 2*p**2 - p - 2. Give s(0).
-2
Let p(g) = g**3 + g**2 - 3*g - 4. What is p(-3)?
-13
Let v(d) = d**2 + 39*d + 266. Determine v(-9).
-4
Let b(s) = 50*s**2 + 898*s - 37. Give b(-18).
-1
Let c(t) = t**3 - 6*t**2 - 2*t + 13. Determine c(-3).
-62
Let p(s) = -s**3 - 12*s**2 + 11*s - 15. Determine p(-13).
11
Let b(l) = -13*l - 28. Determine b(-3).
11
Let y(a) = -2*a**2 - 4*a. What is y(-1)?
2
Let t(r) = r**3 + 13*r**2 + 10*r + 27. Determine t(-12).
51
Let w(c) = c**3 + 3*c**2 + c - 5. Determine w(-3).
-8
Let b(k) = -k**3 + 7*k**2 + 13*k + 46. What is b(9)?
1
Let r(l) = -l**2 + 3*l + 25. What is r(7)?
-3
Let i(o) = o**3 + 19*o**2 + o + 11. Give i(-19).
-8
Let r(p) = p**2 + 38*p - 423. What is r(9)?
0
Let u(d) = 6*d**2 + 13*d - 14. Give u(4).
134
Let z(q) = q**3 - 23*q**2 - q + 41. Give z(23).
18
Let i(x) = -x**3 - 5*x**2 + 7*x + 19. Give i(-6).
13
Let h(y) = 5*y. Calculate h(-3).
-15
Let y(v) = -4*v**2 + 6*v + 12. Give y(3).
-6
Let g(x) = -x - 2. What is g(-21)?
19
Let w(o) = -o**2 - 8*o + 60. Give w(-12).
12
Let f(z) = -2*z + 2. Give f(5).
-8
Let b(q) = 6*q - 54. Determine b(10).
6
Let b(n) = 15*n - 73. Give b(12).
107
Let p(v) = -v**3 - 10*v**2 - 12*v - 5. Give p(-9).
22
Let r(q) = 6*q. Give r(3).
18
Let t(q) = q**3 + 4*q**2 - 31*q - 5. What is t(4)?
-1
Let z(c) = c**3 + 11*c**2 + 7*c + 4. Determine z(-10).
34
Let q(j) = j**2 + 7*j + 13. Calculate q(-5).
3
Let b(d) = -3*d - 1. Calculate b(3).
-10
Let j(v) = 2*v + 1. Determine j(-12).
-23
Let s(b) = b**3 - 11*b**2 + 8*b + 8. Calculate s(10).
-12
Let o(u) = -3*u**3 - 2*u**2 - 2*u - 2. What is o(3)?
-107
Let j(v) = v**3 - 6*v**2 - 17*v + 70. What is j(7)?
0
Let h(s) = -2*s**2 + 28*s - 3. Calculate h(14).
-3
Let q(v) = -4*v**2 + 93*v - 38. What is q(23)?
-15
Let u(p) = 15*p + 6. Calculate u(-3).
-39
Let k(s) = -2*s**2 + 31*s - 21. Give k(15).
-6
Let f(s) = 42*s + 1. Give f(1).
43
Let y(c) = 3*c + 13. Give y(-11).
-20
Let d(i) = -i**2 - 12*i + 17. Give d(-13).
4
Let w(m) = m + 9. Give w(-4).
5
Let f(q) = -2*q**2 + 6*q + 3. Determine f(4).
-5
Let c(f) = f**3 - 6*f**2 + 7*f - 1. Give c(5).
9
Let p(l) = -l**3 - 8*l**2 - 7*l - 1. Calculate p(-6).
-31
Let z(i) = -i**3 - 5*i**2 + 3*i - 15. Give z(-6).
3
Let s(d) = 33*d**2 + 131*d + 5. Calculate s(-4).
9
Let t(h) = -h**3 - 6*h**2 - 9*h - 25. What is t(-5)?
-5
Let s(v) = -v**3 - v**2 + 13. Calculate s(0).
13
Let p(h) = 3*h - 104. Determine p(36).
4
Let j(x) = x**2 - 21*x + 5. Give j(15).
-85
Let j(g) = -g**3 - 21*g**2 - 104*g + 61. Give j(-10).
1
Let z(i) = -3*i - 2. What is z(2)?
-8
Let w(s) = 33*s + 517. Determine w(-16).
-11
Let y(a) = 6*a - 8. Give y(-10).
-68
Let r(g) = -96*g + 106. Determine r(1).
10
Let h(a) = -2*a**2 - 2*a - 4. What is h(-3)?
-16
Let d(k) = 4*k + 94. What is d(-22)?
6
Let y(g) = 6*g - 7. Give y(-6).
-43
Let l(b) = -b**3 - 6*b**2 - 7*b - 12. What is l(-5)?
-2
Let o(y) = y**2 - 12*y + 4. Calculate o(14).
32
Let f(k) = k**2 + 6*k - 55. What is f(-11)?
0
Let c(t) = -t**2 + 13*t - 4. Calculate c(10).
26
Let t(k) = k**3 + 7*k**2 + k + 8. What is t(-6)?
38
Let q(i) = i**2 - 41*i - 280. Determine q(47).
2
Let i(h) = 2*h**2 + 52*h - 55. Calculate i(-27).
-1
Let l(o) = -3*o - 8. Calculate l(-2).
-2
Let z(l) = l**2 + l - 19. What is z(-4)?
-7
Let g(x) = -45*x - 2256. What is g(-50)?
-6
Let j(g) = g**3 + g**2 + 2*g + 15. Determine j(0).
15
Let j(k) = -4*k - 7. Give j(0).
-7
Let f(h) = -47*h + 26. Determine f(5).
-209
Let r(l) = -l**2 + 9*l - 1. Calculate r(8).
7
Let u(j) = -j**3 - 2*j**2 - 8*j - 121. Give u(-5).
-6
Let n(z) = 4*z**2 + 68. Give n(0).
68
Let i(v) = 2*v**3 - 70*v**2 - 74*v + 79. What is i(36)?
7
Let q(b) = b**3 + 15*b**2 + 18*b + 2. Give q(-14).
-54
Let a(b) = 35*b - 676. Calculate a(19).
-11
Let b(u) = u**2 - 5*u + 5. Determine b(3).
-1
Let l(g) = 9*g + 226. Give l(-28).
-26
Let q(s) = s**3 + 9*s**2 + s - 19. Determine q(-9).
-28
Let u(k) = k**3 - 10*k**2 + 5*k + 1. Calculate u(5).
-99
Let f(c) = 11*c - 47. Give f(12).
85
Let f(z) = -9*z + 29. Determine f(6).
-25
Let t(g) = -5*g - 55. Determine t(-9).
-10
Let b(w) = -2*w - 38. Calculate b(-18).
-2
Let t(s) = s**2 - 23*s - 24. Calculate t(24).
0
Let i(o) = 5*o + 66. Determine i(-11).
11
Let d(i) = i**3 + 21*i**2 + 21*i + 9. Calculate d(-20).
-11
Let j(q) = -q**2 + 23*q + 65. Determine j(26).
-13
Let r(a) = -a**3 - 19*a**2 + 40*a - 28. Give r(-21).
14
Let j(w) = w**3 - 7*w**2 + 7*w + 2. What is j(6)?
8
Let h(x) = -2*x**3 - x**2 + 3*x + 9. What is h(4)?
-123
Let j(b) = 6*b + 42. Give j(-9).
-12
Let q(t) = 6*t + 56. Determine q(-24).
-88
Let g(p) = p**2 + 30*p + 31. Determine g(-29).
2
Let f(b) = 8*b - 2. Calculate f(2).
14
Let u(w) = -4*w - 11. Determine u(-6).
13
Let u(v) = v**2 + 26*v + 118. Give u(-20).
-2
Let a(p) = -7*p**2 + 13*p - 26. Give a(3).
-50
Let m(s) = -5*s**3 + 4*s**2 - 2*s. Calculate m(3).
-105
Let k(a) = -7*a**2 + 6*a + 12. Give k(-4).
-124
Let w(c) = -c**3 - c**2 - 6*c - 4. What is w(-1)?
2
Let j(l) = -l**2 - 5*l - 10. Calculate j(-6).
-16
Let o(n) = 2*n**2 - 3*n + 6. Determine o(4).
26
Let i(n) = n - 9. Calculate i(0).
-9
Let p(c) = -c**2 + 23*c + 81. What is p(-3)?
3
Let p(d) = -2*d**3 + 41*d**2 + 27*d - 113. Calculate p(21).
13
Let r(a) = -a**2 + 21*a - 60. Give r(16).
20
Let n(r) = -r**2 + 14*r + 15. Give n(12).
39
Let c(p) = p**2 - p - 16. What is c(-7)?
40
Let z(d) = -8*d - 2. Calculate z(2).
-18
Let z(a) = a**3 + 7*a**2 - 7*a - 5. Determine z(-8).
-13
Let m(o) = -3*o**2 - 2*o + 1. What is m(-2)?
-7
Let b(q) = -2*q**3 + 5*q**2 + 4*q - 5. Calculate b(4).
-37
Let p(m) = 3*m - 24. Give p(5).
-9
Let o(u) = u**2 - 5*u - 9. What is o(10)?
41
Let u(q) = -12*q**3 - q**2 + 2*q + 3. Determine u(-1).
12
Let f(a) = -17*a - 60. Determine f(-8).
76
Let d(b) = -b**2 - 18*b - 14. What is d(-19)?
-33
Let i(t) = -t - 5. What is i(6)?
-11
Let w(b) = -b**3 - 6*b**2 - 7*b + 8. Calculate w(-6).
50
Let d(i) = -i**2 + 4*i + 4. What is d(3)?
7
Let f(v) = v**3 + 3*v + 3. Give f(-2).
-11
Let a(q) = -q**2 - 7*q + 3. What is a(5)?
-57
Let c(b) = -b**3 - 9*b**2 - 2*b - 14. Calculate c(-9).
4
Let n(f) = f**2 - f - 4. What is n(3)?
2
Let x(g) = -g**3 + 9*g**2 - 6*g + 3. Calculate x(8).
19
Let w(b) = b**3 + 10*b**2 - 24*b + 4. Determine w(-12).
4
Let u(d) = d**3 - 18*d**2 + d - 40. Calculate u(18).
-22
Let g(q) = -q**2 + 11*q. Give g(15).
-60
Let i(j) = j**3 + 24*j**2 - 26*j - 22. Determine i(-25).
3
Let v(p) = p**3 - p**2 - 14*p - 4. What is v(-3)?
2
Let q(g) = 2*g**2 - 6*g - 12. Calculate q(6).
24
Let v(k) = -k**2 - 49*k - 395. Give v(-10).
-5
Let n(r) = -r**2 - r + 3. Give n(4).
-17
Let w(t) = 14*t**3 - 2*t**2 + 4*t - 2. Determine w(1).
14
Let s(i) = i**3 - 18*i**2 + 15*i + 27. Give s(17).
-7
Let b(q) = 2*q**3 - 11*q**2 + 6*q + 5. Calculate b(5).
10
Let l(s) = -s**2 + 9. Determine l(0).
9
Let c(r) = -r**3 + 6*r**2 + r - 4. Give c(5).
26
Let j(q) = -q**3 - 4*q**2 + 7*q + 28. Determine j(-5).
18
Let y(g) = 22*g**3 + 2*g**2 + 2*g + 1. Give y(-1).
-21
Let q(w) = -w**2 - 9*w + 1. Give q(-4).
21
Let w(l) = l**3 - 3*l**2 + 5*l - 8. Give w(5).
67
Let i(m) = -5*m - 18. Determine i(-12).
42
Let x(y) = -y - 18. What is x(-8)?
-10
Let q(j) = j**2 + 2*j - 39. Calculate q(9).
60
Let o(n) = -n**2 + 12*n - 23. Calculate o(9).
4
Let j(p) = p**3 + 5*p**2 + 3*p - 3. Calculate j(-3).
6
Let o(f) = -7*f**3 + 68*f**2 + 17*f + 24. Calculate o(10).
-6
Let n(w) = -w**3 + 7*w**2 - 7*w - 5. Give n(6).
-11
Let d(n) = -n**2 - 9*n. What is d(-9)?
0
Let z(c) = -443*c + 1773. What is z(4)?
1
Let s(c) = -c**2 + 9*c - 13. What is s(10)?
-23
Let o(l) = l**2 + 8*l. Calculate o(-7).
-7
Let v(s) = -3*s - 10. Determine v(1).
-13
Let r(v) = v**2 + 3*v - 372. What is r(18)?
6
Let g(z) = 8*z. Determine g(4).
32
Let t(u) = -16*u + 80. What is t(10)?
-80
Let i(f) = f**2 + 11*f + 11. Give i(-11).
11
Let t(s) = 2*s**2 + 6*s + 1. Giv